False
Is 14 a factor of 2151926?
True
Does 79 divide 5069351?
True
Is 4 a factor of 1266?
False
Is 18 a factor of 181880?
False
Is 8 a factor of 3881296?
True
Is 53 a factor of 2177472?
False
Does 11 divide 670764?
False
Does 5 divide 6515?
True
Does 117 divide 194693?
False
Is 5 a factor of 88239?
False
Is 682765 a multiple of 19?
True
Does 1716 divide 13064151?
False
Is 1110898 a multiple of 164?
False
Is 167211 a multiple of 4?
False
Is 1127040 a multiple of 384?
True
Does 88 divide 525008?
True
Does 191 divide 147051?
False
Does 255 divide 15434640?
True
Is 723143 a multiple of 15?
False
Is 302750 a multiple of 25?
True
Does 135 divide 468165?
False
Is 3 a factor of 132168?
True
Does 19 divide 4676738?
False
Does 894 divide 364752?
True
Is 51282 a multiple of 21?
True
Does 18 divide 77526?
True
Is 19 a factor of 173048?
False
Is 32 a factor of 30336?
True
Is 2 a factor of 258421?
False
Does 26 divide 303368?
True
Is 2215752 a multiple of 8?
True
Is 71 a factor of 280450?
True
Does 737 divide 4023283?
True
Is 144 a factor of 1663488?
True
Does 50 divide 1549100?
True
Is 43827 a multiple of 22?
False
Is 333648 a multiple of 72?
True
Does 203 divide 1527806?
False
Is 6 a factor of 145405?
False
Is 546751 a multiple of 13?
False
Is 156 a multiple of 2?
True
Is 105 a factor of 397005?
True
Is 2486040 a multiple of 15?
True
Is 118 a factor of 205084?
True
Is 13 a factor of 69932?
False
Does 496 divide 697872?
True
Is 268 a factor of 669464?
True
Is 11 a factor of 29111?
False
Does 131 divide 113943?
False
Is 1434586 a multiple of 2?
True
Is 177 a factor of 162840?
True
Does 13 divide 8840?
True
Is 181 a factor of 1707373?
True
Is 3 a factor of 443556?
True
Is 1303606 a multiple of 7?
False
Is 99583 a multiple of 20?
False
Is 7 a factor of 8407684?
False
Is 3398986 a multiple of 7?
False
Is 18 a factor of 20412?
True
Does 548 divide 710756?
True
Is 343 a factor of 695261?
True
Is 38 a factor of 44635?
False
Does 45 divide 532055?
False
Is 636 a factor of 20791100?
False
Does 32 divide 179264?
True
Is 79 a factor of 21922500?
True
Is 15 a factor of 90030?
True
Does 4 divide 927166?
False
Is 211169 a multiple of 7?
True
Does 425 divide 2211700?
True
Is 366804 a multiple of 46?
True
Is 93 a factor of 76853?
False
Does 43 divide 179482?
True
Is 102440 a multiple of 26?
True
Is 17 a factor of 113067?
True
Does 216 divide 368928?
True
Is 118985 a multiple of 6?
False
Is 496914 a multiple of 105?
False
Is 122 a factor of 87108?
True
Is 1454759 a multiple of 117?
False
Is 43904 a multiple of 56?
True
Does 156 divide 13848120?
True
Is 831346 a multiple of 809?
False
Does 275 divide 1578091?
False
Is 17 a factor of 990942?
False
Does 1271 divide 223696?
True
Does 48 divide 1356668?
False
Is 154 a factor of 36356?
False
Is 362700 a multiple of 155?
True
Does 12 divide 544361?
False
Does 30 divide 23371170?
True
Is 221210 a multiple of 14?
False
Does 17 divide 3673190?
True
Does 503 divide 3497359?
True
Is 3 a factor of 620027?
False
Does 1088 divide 5869833?
False
Does 87 divide 201840?
True
Is 163 a factor of 1650462?
False
Is 21 a factor of 89639?
False
Does 26 divide 1691430?
True
Is 5927328 a multiple of 16?
True
Does 28 divide 82852?
True
Is 88443 a multiple of 581?
False
Does 17 divide 745449?
False
Is 127 a factor of 2504567?
True
Is 48 a factor of 3102288?
True
Does 162 divide 157653?
False
Is 572645 a multiple of 213?
False
Does 2 divide 60724?
True
Does 323 divide 2302186?
False
Does 102 divide 326852?
False
Is 480 a factor of 1931520?
True
Is 14 a factor of 9621?
False
Is 3170358 a multiple of 390?
False
Is 20 a factor of 9094674?
False
Is 30 a factor of 158820?
True
Is 228 a factor of 2640924?
True
Is 147973 a multiple of 224?
False
Does 2 divide 17909?
False
Is 14 a factor of 11362980?
False
Does 1715 divide 31422230?
True
Is 537758 a multiple of 481?
True
Does 64 divide 101276?
False
Is 24 a factor of 6255648?
True
Is 1136 a multiple of 16?
True
Is 643290 a multiple of 205?
True
Does 148 divide 21513428?
True
Is 1073138 a multiple of 174?
False
Does 865 divide 2089899?
False
Does 3 divide 102876?
True
Is 1289340 a multiple of 261?
True
Does 330 divide 694033?
False
Is 15545 a multiple of 24?
False
Does 567 divide 923775?
False
Does 5 divide 30274?
False
Does 135 divide 314550?
True
Is 1484301 even?
False
Is 607 a factor of 16264401?
False
Is 99030 a multiple of 30?
True
Does 87 divide 297888?
True
Is 185317 a multiple of 17?
True
Is 8268417 a multiple of 1489?
True
Is 7468150 a multiple of 205?
True
Is 275 a factor of 3486682?
False
Is 436473 a multiple of 160?
False
Does 17 divide 28322?
True
Does 8 divide 146518?
False
Is 10 a factor of 1484077?
False
Is 1880046 a multiple of 41?
False
Is 1350899 a multiple of 127?
True
Is 296 a factor of 2893718?
False
Is 3 a factor of 120978?
True
Is 2625515 a multiple of 953?
True
Is 2106819 a multiple of 429?
True
Is 212 a factor of 3525348?
True
Does 15 divide 41505?
True
Does 20 divide 3158600?
True
Is 474261 a multiple of 13?
False
Does 89 divide 549842?
True
Is 3 a factor of 657549?
True
Is 10 a factor of 1270700?
True
Is 11 a factor of 206393?
True
Is 163 a factor of 1939668?
False
Is 13 a factor of 787709?
True
Is 6140 a multiple of 527?
False
Does 4 divide 78584?
True
Is 103 a factor of 1677514?
False
Is 431 a factor of 560196?
False
Does 273 divide 648338?
False
Does 263 divide 1106012?
False
Does 327 divide 3576399?
True
Does 223 divide 1249023?
True
Is 28 a factor of 6174552?
False
Is 7344906 a multiple of 114?
True
Is 122430 a multiple of 159?
True
Does 115 divide 15880?
False
Is 384688 a multiple of 357?
False
Is 15 a factor of 243159?
False
Does 23 divide 81110?
False
Is 485140 a multiple of 127?
True
Is 113055 a multiple of 3?
True
Does 4 divide 109472?
True
Is 70 a factor of 3324160?
True
Is 250 a factor of 1943750?
True
Does 4 divide 908736?
True
Is 28 a factor of 36932?
True
Is 300120 a multiple of 41?
True
Is 167461 a multiple of 47?
True
Does 94 divide 3761410?
True
Is 1589 a multiple of 7?
True
Is 954 a factor of 3681579?
False
Is 78797 a multiple of 3?
False
Does 37 divide 69745?
True
Is 489660 a multiple of 19?
False
Is 2154957 a multiple of 7?
True
Is 53676 a multiple of 4?
True
Is 10 a factor of 149520?
True
Is 56190 a multiple of 23?
False
Is 25 a factor of 3487100?
True
Is 6974364 a multiple of 25?
False
Is 2104156 a multiple of 284?
True
Is 23 a factor of 224066?
True
Is 2537550 a multiple of 30?
True
Is 22 a factor of 790025?
False
Is 17 a factor of 148886?
True
Is 87 a factor of 13797?
False
Does 32 divide 161615?
False
Does 381 divide 122669?
False
Does 475 divide 131575?
True
Does 265 divide 935980?
True
Is 125 a factor of 4558750?
True
Does 38 divide 824296?
True
Is 8555000 a multiple of 85?
False
Is 24222 a multiple of 22?
True
Is 1626432 a multiple of 70?
False
Is 1849074 a multiple of 19?
False
Is 81 a factor of 51150?
False
Is 80158 a multiple of 23?
False
Is 532 a factor of 359382?
False
Does 18 divide 1905465?
False
Is 36841 a multiple of 400?
False
Does 19 divide 321537?
True
Is 174034 a multiple of 108?
False
Is 10888461 a multiple of 657?
True
Is 723792 a multiple of 6?
True
Does 184 divide 1031745?
False
Is 4400998 a multiple of 7?
True
Does 36 divide 1685659?
False
Is 306 a factor of 2802960?
True
Is 2809269 a multiple of 9?
True
Does 14 divide 14715848?
True
Does 3 divide 2895267?
True
Is 1416389 a multiple of 493?
True
Is 704832 a multiple of 192?
True
Does 58 divide 61190?
True
Is 65065 a multiple of 143?
True
Does 413 divide 1278653?
False
Is 98646 a multiple of 82?
True
Is 1197195 a multiple of 224?
False
Does 206 divide 5874914?
True
Is 174 a factor of 6161376?
False
Is 45248 a multiple of 3?
False
Is 611856 a multiple of 112?
True
Is 5265139 a multiple of 49?
False
Does 1070 divide 3365941?
False
Does 78 divide 227604?
True
Is 10 a factor of 646458?
False
Is 66152 a multiple of 28?
False
Is 608 a factor of 12314432?
True
Is 641277 a multiple of 63?
True
Does 371 divide 1339746?
False
Is 129 a factor of 98629?
False
Is 41 a factor of 1152842?
False
Is 161007 a multiple of 21?
True
Is 98490 a multiple of 134?
True
Is 243021 a multiple of 8?
False
Is 66248 a multiple of 26?
True
Is 821790 a multiple of 15?
True
Does 39 divide 1769112?
False
Is 293294 a 